digit of k?
8
Let f(h) = -h + 10. Let v(d) = -12*d**2 - d. Let w be v(1). What is the units digit of f(w)?
3
Let y = -1 + -2. What is the units digit of (1 - -1) + -4 - y?
1
Let s = -9 + 9. Suppose s = -0*x + x - 22. What is the units digit of x?
2
Let g be -1*(1 + 0 + 2). Let b be ((-135)/(-6))/g*-2. What is the units digit of (-2)/(-5) - (-174)/b?
2
Suppose 2*z + 68 - 275 = 3*f, z = f + 106. What is the tens digit of z?
1
Let b = -4 + 6. Suppose 2*q - 4*m - 90 = 0, -4*m + 2*m + 84 = b*q. What is the tens digit of q?
4
Suppose -7*v + 940 = -2*v. What is the tens digit of v?
8
Suppose 4*n - 42 = 66. Suppose -2*t + 13 = -n. What is the tens digit of t?
2
Suppose -4*m + m - 4*d + 52 = 0, 5*d = -3*m + 50. Suppose 5*y - m = -2*u, -2*y - u = 2*u + 3. What is the units digit of y?
6
Suppose -1 = -r + 5. What is the units digit of ((-3)/9)/(r/(-126))?
7
Suppose -5*q - a = -8, -7*q + 2*q = 5*a. Suppose k - 26 = -0*k + 5*z, -40 = -4*k + 4*z. Suppose -3*y - q*o = -4, y - o - 3*o = k. What is the units digit of y?
2
Let s(w) = -30*w**3 + w**2 - 1. Let v be s(1). Let m = 46 + v. Suppose 4 = -3*d + m. What is the units digit of d?
4
Let j(v) = -v - 2. Let o be j(-3). Let n = o - -8. Suppose 0 = c - 1 - n. What is the units digit of c?
0
What is the tens digit of 32 - (-1)/((-3)/(-6))?
3
Let n(r) = r**3 + 11*r**2 - 3*r - 7. Suppose x = 5*x + 5*b + 54, x + 2*b = -15. What is the tens digit of n(x)?
2
Suppose -2*m - 3*o + 87 = 0, -5*m + o = -0*o - 243. Let t(y) = 2*y**2 + 5*y + 6. Let a be t(-1). Suppose m = a*v - 0*v. What is the tens digit of v?
1
Suppose 0 = -5*y + 3*y + 102. What is the units digit of y?
1
Suppose -i + 3*b + 127 + 15 = 0, -410 = -3*i + 5*b. What is the units digit of i?
0
Let a = 6 - -1. Let t(m) = -m**3 + 5*m**2. Let u be t(5). Suppose 19 + 6 = 5*v - 5*y, -2*v - y + a = u. What is the units digit of v?
4
Suppose 3*a - 4*r + 0*r + 16 = 0, -3*r - 5 = 2*a. What is the units digit of (-23)/a + (-2)/(-8)?
6
Let o be -48*2*4/(-16). Let z = o + -8. What is the units digit of z?
6
Let z(j) be the second derivative of j**3/6 - 3*j**2/2 - j. What is the units digit of z(7)?
4
Suppose -3*q - 3*w = -42, 2*q + w - 5 - 18 = 0. Let l = 26 - q. Suppose k + 0*c = -2*c + l, -5*k + 5*c + 10 = 0. What is the units digit of k?
7
Let s = 0 - -2. Suppose -2*v = s*v - 20. Suppose 3*p = -4*u + 5 - 4, 6 = v*u - p. What is the units digit of u?
1
Let w(y) = 6*y - y**2 - 5 - 1 + 10. What is the units digit of w(6)?
4
Let u = 15 - 11. Suppose v + 5*z + 137 = 5*v, 0 = -4*v - u*z + 128. What is the tens digit of v?
3
Suppose 3*v - 1 - 5 = 0. Suppose -4*q - 3*t = v*t + 1, q - 16 = 2*t. What is the units digit of q?
6
Suppose 4*a - 8 = 12. What is the units digit of a?
5
Let j(t) = 2*t - 5. Let r(f) = f - 5. Let s(x) = 3*j(x) - 2*r(x). What is the tens digit of s(4)?
1
Suppose -3*a - 3*c - 2*c - 16 = 0, -3 = -3*c. Let f(t) = t + 8. What is the units digit of f(a)?
1
Let y(l) = 3*l**2 - l - 9. What is the tens digit of y(-3)?
2
Suppose -2*o + 7 = -3. Let n(x) = -1 + o - 3 - x. What is the units digit of n(-6)?
7
Let k(a) = a + 10. Let v(t) = 2*t + 19. Let x(j) = -14*j + 1. Let h be x(1). Let y be v(h). What is the units digit of k(y)?
3
Suppose -179 = -b + 49. Suppose 4*h + u - b = -u, 0 = -5*h + 3*u + 296. Suppose -4*f = 20, -8*d = -4*d - 2*f - h. What is the units digit of d?
2
Suppose 0 = 2*d + 5*a + 2, 0*d + d - 5*a = 14. Suppose 0 = d*o - 0*o - 132. What is the units digit of o?
3
Let w(u) = -5*u - 1. Let i be w(3). Let c = i + 24. What is the units digit of c?
8
Suppose 96 = 4*s - v, s - 4*v - 18 = 21. Let o = -13 + s. What is the units digit of o?
0
Let l(g) be the second derivative of -g**4/12 + 11*g**3/6 + 3*g**2 - g. What is the tens digit of l(10)?
1
Suppose -3*a = -2*w + 10, -w + 3*a + 4 = 2*a. Suppose -10 + w = -2*o. What is the units digit of (-2)/o + (-81)/(-6)?
3
Let y be ((-2)/(-4) + -1)*-14. Let u(t) = t. What is the units digit of u(y)?
7
Suppose -w = 3*g - 77, -2*w - 85 = -3*w + 5*g. What is the units digit of w?
0
What is the hundreds digit of (685/(-10) + 2)*-2?
1
Let v = 104 - 74. What is the tens digit of v?
3
Suppose -2*a = 7 + 11. Let w(n) = n**3 + 9*n**2 - n - 3. What is the units digit of w(a)?
6
Let o(v) be the second derivative of -v**4/12 - 2*v**3/3 + 5*v**2/2 - v. Let l be o(-4). Let j(h) = 3*h - 4. What is the units digit of j(l)?
1
Suppose 0 = -m - 4*m + 15. Suppose 2*z = c + 23, 4*z + m*c = -13 + 34. What is the units digit of z?
9
Suppose 0 = -4*q - 3*i + 35, 6*i - i = -3*q + 40. Suppose 5*g = -q*c + 35, -3*c + 6 + 5 = g. What is the units digit of c?
2
Let d = 16 - 22. Let t = 8 + d. What is the units digit of t?
2
Let n = 12 + -6. What is the units digit of n?
6
Let z(l) = -l**2 - 3*l + 4. What is the units digit of z(-3)?
4
Suppose -4*i + 4 - 40 = 0. What is the units digit of (1 + 11)*(-3)/i?
4
Let b be 2/4*-2*-10. Suppose 2*y + 5*p = 16, 3*p + 4 = -3*y + b. What is the units digit of (-1 - 2 - y)*-1?
1
Let h(z) = 3*z - 7. Let j be h(3). Suppose 45 = 5*p + 5*q - 0*q, q = -j*p + 18. What is the units digit of p?
9
Let y = -313 - -563. What is the tens digit of y?
5
Let j = 159 + -74. What is the tens digit of j?
8
Let g(w) = -w**3 - 8*w**2 - 9*w + 8. What is the units digit of g(-7)?
2
Let g = 150 + -80. What is the tens digit of g?
7
Let z = 10 - 8. Let t be 34/9 + 4/18. Suppose -z*a = -t*a + 6. What is the units digit of a?
3
Let m(k) = 4 - 10*k**2 - 5*k**2 + 17*k**2 - 2*k. What is the units digit of m(-3)?
8
Suppose -5*q + c + 32 = -25, 0 = -c + 3. Suppose -q - 3 = -3*i. What is the units digit of i?
5
Suppose -7 = 3*k - 67. Let u = k - 29. What is the units digit of (u + 3 + -1)*-1?
7
Suppose -3*d + 4 = -20. Let r = d - -5. What is the tens digit of r?
1
Let k(f) = 7*f - 14. What is the units digit of k(6)?
8
Let c be 1/((2/(-1))/38). Let f = c + 29. What is the units digit of f?
0
Let t(w) = w**3 + 10*w**2 - 5*w - 8. Let o be (10/(-4))/((-4)/(-16)). Let b be t(o). What is the units digit of (-1)/((-4 + 1)/b)?
4
Let g(s) = s**3 - s**2 + s - 1. Let p be g(2). Suppose -2*q = 3*z - 39, p*z - 5 = -q + 53. What is the tens digit of z?
1
Let o(z) = -z**3 + 10*z**2 - 7*z - 6. Let v be o(9). Suppose 3*h + 5*a - v = 0, 1 - 7 = h + 5*a. What is the units digit of h?
9
Let j(r) = 2*r + 1. Let f be j(2). Suppose f*s = -g + 34, 2*s + 4*g = g + 24. What is the units digit of 40/6 - s/9?
6
What is the units digit of -2*36*9/(-6)?
8
Let l be (-3)/(-2 - 1) + 8. Let v = 3 + l. Suppose v = 3*i - i. What is the units digit of i?
6
Suppose -4 = o - 2*o, 0 = 4*x + 4*o - 20. Suppose x - 13 = -6*m. What is the units digit of m?
2
Let c(j) = -j**2 - j + 11. Let y(s) = -5 + 9*s - s**2 - 3 - 5 + 5. Let n be y(8). What is the tens digit of c(n)?
1
Suppose 0 = 3*d + 2*j - 38, 3 = -d + 4*j - 3. Suppose -1 = 3*i - d. What is the units digit of i?
3
Suppose s = -s + 2. Suppose 4*v - k - s = 0, 2*k + 13 = -v + 2. Let n = v + 7. What is the units digit of n?
6
Let b(n) = 2*n**2 + 17*n - 4. What is the units digit of b(-11)?
1
Let m(t) = t**2 + 6*t - 6. What is the units digit of m(-8)?
0
Let i(t) = 4*t**2 - 9*t - 4. What is the tens digit of i(-8)?
2
Let c(x) = 7*x**2 - x**3 - 9*x - 2*x**3 + 4 + 4*x**3. What is the tens digit of c(-8)?
1
Let j = -7 + 4. Let y be ((-2)/4)/(2/4). What is the units digit of -1 - j - (y - 5)?
8
Suppose -10*t - 1 = -11*t. What is the units digit of t?
1
Suppose 0 = 4*h + 20, -5*t - 5*h + 71 = -14. What is the tens digit of t?
2
Suppose -2*j + 414 = k, 0*j + 616 = 3*j - k. What is the tens digit of j?
0
Let o = -8 - -8. Suppose 6 = q - o*q - c, 4*q - 28 = 3*c. What is the tens digit of q?
1
Let d be (-1 + -2)/(30/(-20)). Suppose 66 = -t + 6*t - d*q, 0 = t + 5*q + 3. What is the units digit of t?
2
Let b(l) = -l**3 + 5*l**2 + 5*l - 7. Suppose 4 - 1 = g. Suppose -g*y - 1 = n, -12 = -0*n - 2*n + y. What is the tens digit of b(n)?
1
Let h(i) = -i**3 + 8*i**2 - 4*i. Let f be h(5). Suppose -2*k + 10 = 2*y, 0 = -5*k + 4*y + y + f. What is the units digit of k?
8
What is the units digit of 1 + (0 - 3 - -197)?
5
Let c(l) = -44*l + 3. What is the units digit of c(-2)?
1
Let m(g) = g**3 + 4*g**2 - g + 1. Let r be m(-3). Suppose -5*a - 3 = -r. Suppose 5*i + a*v - 18 = 0, -2 = -i - 0*i - 2*v. What is the units digit of i?
4
Let n = -53 - -122